{"id":238,"date":"2024-03-27T19:59:10","date_gmt":"2024-03-27T18:59:10","guid":{"rendered":"https:\/\/visitmoclinejo.es\/?page_id=238"},"modified":"2024-05-08T18:06:34","modified_gmt":"2024-05-08T16:06:34","slug":"historia-y-tradicion-de-moclinejo","status":"publish","type":"page","link":"https:\/\/www.visitmoclinejo.es\/?page_id=238","title":{"rendered":"Historia y tradici\u00f3n de Moclinejo"},"content":{"rendered":"\t\t<div data-elementor-type=\"wp-page\" data-elementor-id=\"238\" class=\"elementor elementor-238\">\n\t\t\t\t<div class=\"elementor-element elementor-element-7bf8ff5 e-con-full e-flex e-con e-parent\" data-id=\"7bf8ff5\" data-element_type=\"container\" data-settings=\"{&quot;background_background&quot;:&quot;classic&quot;}\">\n\t\t\t\t<div class=\"elementor-element elementor-element-efab784 elementor-widget__width-inherit elementor-absolute elementor-widget elementor-widget-heading\" data-id=\"efab784\" data-element_type=\"widget\" data-settings=\"{&quot;_position&quot;:&quot;absolute&quot;}\" data-widget_type=\"heading.default\">\n\t\t\t\t<div class=\"elementor-widget-container\">\n\t\t\t\t\t<p class=\"elementor-heading-title elementor-size-default\">HISTORIA Y TRADICI\u00d3N<\/p>\t\t\t\t<\/div>\n\t\t\t\t<\/div>\n\t\t\t\t<\/div>\n\t\t<div class=\"elementor-element elementor-element-d476961 e-flex e-con-boxed e-con e-parent\" data-id=\"d476961\" data-element_type=\"container\">\n\t\t\t\t\t<div class=\"e-con-inner\">\n\t\t\t\t<div class=\"elementor-element elementor-element-fcd36f8 elementor-widget elementor-widget-heading\" data-id=\"fcd36f8\" data-element_type=\"widget\" data-widget_type=\"heading.default\">\n\t\t\t\t<div class=\"elementor-widget-container\">\n\t\t\t\t\t<h1 class=\"elementor-heading-title elementor-size-default\">Historia y tradici\u00f3n de Moclinejo<\/h1>\t\t\t\t<\/div>\n\t\t\t\t<\/div>\n\t\t\t\t<div class=\"elementor-element elementor-element-0b323a4 elementor-widget elementor-widget-text-editor\" data-id=\"0b323a4\" data-element_type=\"widget\" data-widget_type=\"text-editor.default\">\n\t\t\t\t<div class=\"elementor-widget-container\">\n\t\t\t\t\t\t\t\t\t<p>Moclinejo, un encantador municipio espa\u00f1ol situado en la comarca de la Axarqu\u00eda, en la provincia de M\u00e1laga, Andaluc\u00eda, es un destino que cautiva a sus visitantes con su rica historia, su impresionante patrimonio y su enclave privilegiado con vistas 360\u00ba a toda la costa y el interior de la Axarqu\u00eda.<\/p><p>Hoy en d\u00eda, Moclinejo es conocido por ser <strong>la puerta de la Ruta de la Pasa y de la Ruta del Vino<\/strong>, haciendo honor a su pasado como un lugar de encrucijada de caminos. Adem\u00e1s, celebra su tradicional fiesta de Vi\u00f1eros el segundo domingo de septiembre, en la que rinde homenaje a la vid y al vino moscatel que tanto caracteriza la Comarca de la Axarqu\u00eda y que ha sido durante d\u00e9cadas el motor econ\u00f3mico principal del pueblo.\u00a0<\/p><p>En el coraz\u00f3n de la Axarqu\u00eda, en el precioso pueblo blanco de Moclinejo, se celebra anualmente un certamen de Verdiales, una de las expresiones culturales m\u00e1s arraigadas en la provincia de M\u00e1laga. Este evento es una oportunidad \u00fanica para sumergirse en la rica cultura malague\u00f1a y que tambi\u00e9n es de especial relevancia para el resto de pedan\u00edas que componen Moclinejo: El Vald\u00e9s, Los Palmas, El Villar, Los Patrones, Los Narcisos, R\u00edo Granadillas&#8230;<\/p><p>El origen de Moclinejo se remonta a la \u00e9poca musulmana, dejando su huella en el dise\u00f1o urbano de sus calles. Este pueblo m\u00e1gico, cuyo nombre posiblemente deriva de Mocl\u00edn, que significa \u201clugar de distrito\u201d, ha sido conocido a lo largo de la historia con diferentes denominaciones. Antonio de Nebrija, por ejemplo, lo llam\u00f3 Moclinetum en su libro \u201cD\u00e9cadas d\u00faas\u201d.<\/p><p>Uno de los eventos hist\u00f3ricos m\u00e1s significativos ocurri\u00f3 en 1483, cuando las tropas cristianas del adelantado de Antequera, Pedro Enr\u00edquez, decidieron realizar una incursi\u00f3n en la Comarca de la Axarqu\u00eda Malague\u00f1a. Esta regi\u00f3n era famosa por sus riquezas en seda y otros frutos, lo que supon\u00eda un atractivo bot\u00edn para las tropas castellanas que finalmente sufrieron una gran derrota frente a los musulmanes en tierras de Moclinejo. Este evento es conocido como la \u201cCuesta de la Matanza\u201d y result\u00f3 en una gran derrota para las tropas cristianas y es uno de los hitos m\u00e1s importantes en la historia de Moclinejo.<\/p><p>Visitar Moclinejo es sumergirse en una historia fascinante, es descubrir la esencia de un pueblo que ha sabido conservar sus tradiciones y su patrimonio a lo largo de los siglos.<\/p><p>\u00a1Te esperamos en Moclinejo!<\/p>\t\t\t\t\t\t\t\t<\/div>\n\t\t\t\t<\/div>\n\t\t\t\t\t<\/div>\n\t\t\t\t<\/div>\n\t\t<div class=\"elementor-element elementor-element-9056975 e-flex e-con-boxed e-con e-parent\" data-id=\"9056975\" data-element_type=\"container\">\n\t\t\t\t\t<div class=\"e-con-inner\">\n\t\t\t\t<div class=\"elementor-element elementor-element-5eacf2f elementor-widget elementor-widget-image\" data-id=\"5eacf2f\" data-element_type=\"widget\" data-widget_type=\"image.default\">\n\t\t\t\t<div class=\"elementor-widget-container\">\n\t\t\t\t\t\t\t\t\t\t\t\t\t\t\t<img fetchpriority=\"high\" decoding=\"async\" width=\"1024\" height=\"682\" src=\"https:\/\/www.visitmoclinejo.es\/wp-content\/uploads\/2024\/05\/Arco-Moclinejo-1024x682.jpg\" class=\"attachment-large size-large wp-image-495\" alt=\"Vista a\u00e9rea al amanecer del arco de entrada a Moclinejo y el pueblo de fondo\" srcset=\"https:\/\/www.visitmoclinejo.es\/wp-content\/uploads\/2024\/05\/Arco-Moclinejo-1024x682.jpg 1024w, https:\/\/www.visitmoclinejo.es\/wp-content\/uploads\/2024\/05\/Arco-Moclinejo-300x200.jpg 300w, https:\/\/www.visitmoclinejo.es\/wp-content\/uploads\/2024\/05\/Arco-Moclinejo-768x512.jpg 768w, https:\/\/www.visitmoclinejo.es\/wp-content\/uploads\/2024\/05\/Arco-Moclinejo-1536x1024.jpg 1536w, https:\/\/www.visitmoclinejo.es\/wp-content\/uploads\/2024\/05\/Arco-Moclinejo.jpg 1613w\" sizes=\"(max-width: 1024px) 100vw, 1024px\" \/>\t\t\t\t\t\t\t\t\t\t\t\t\t\t\t<\/div>\n\t\t\t\t<\/div>\n\t\t\t\t\t<\/div>\n\t\t\t\t<\/div>\n\t\t\t\t<\/div>\n\t\t","protected":false},"excerpt":{"rendered":"<p>HISTORIA Y TRADICI\u00d3N Historia y tradici\u00f3n de Moclinejo Moclinejo, un encantador municipio espa\u00f1ol situado en la comarca de la Axarqu\u00eda, [&hellip;]<\/p>\n","protected":false},"author":2,"featured_media":0,"parent":0,"menu_order":0,"comment_status":"closed","ping_status":"closed","template":"","meta":{"_monsterinsights_skip_tracking":false,"_monsterinsights_sitenote_active":false,"_monsterinsights_sitenote_note":"","_monsterinsights_sitenote_category":0,"site-sidebar-layout":"no-sidebar","site-content-layout":"","ast-site-content-layout":"full-width-container","site-content-style":"default","site-sidebar-style":"default","ast-global-header-display":"","ast-banner-title-visibility":"","ast-main-header-display":"","ast-hfb-above-header-display":"","ast-hfb-below-header-display":"","ast-hfb-mobile-header-display":"","site-post-title":"disabled","ast-breadcrumbs-content":"","ast-featured-img":"disabled","footer-sml-layout":"","theme-transparent-header-meta":"","adv-header-id-meta":"","stick-header-meta":"","header-above-stick-meta":"","header-main-stick-meta":"","header-below-stick-meta":"","astra-migrate-meta-layouts":"default","ast-page-background-enabled":"default","ast-page-background-meta":{"desktop":{"background-color":"var(--ast-global-color-4)","background-image":"","background-repeat":"repeat","background-position":"center center","background-size":"auto","background-attachment":"scroll","background-type":"","background-media":"","overlay-type":"","overlay-color":"","overlay-gradient":""},"tablet":{"background-color":"","background-image":"","background-repeat":"repeat","background-position":"center center","background-size":"auto","background-attachment":"scroll","background-type":"","background-media":"","overlay-type":"","overlay-color":"","overlay-gradient":""},"mobile":{"background-color":"","background-image":"","background-repeat":"repeat","background-position":"center center","background-size":"auto","background-attachment":"scroll","background-type":"","background-media":"","overlay-type":"","overlay-color":"","overlay-gradient":""}},"ast-content-background-meta":{"desktop":{"background-color":"var(--ast-global-color-5)","background-image":"","background-repeat":"repeat","background-position":"center center","background-size":"auto","background-attachment":"scroll","background-type":"","background-media":"","overlay-type":"","overlay-color":"","overlay-gradient":""},"tablet":{"background-color":"var(--ast-global-color-5)","background-image":"","background-repeat":"repeat","background-position":"center center","background-size":"auto","background-attachment":"scroll","background-type":"","background-media":"","overlay-type":"","overlay-color":"","overlay-gradient":""},"mobile":{"background-color":"var(--ast-global-color-5)","background-image":"","background-repeat":"repeat","background-position":"center center","background-size":"auto","background-attachment":"scroll","background-type":"","background-media":"","overlay-type":"","overlay-color":"","overlay-gradient":""}},"footnotes":""},"class_list":["post-238","page","type-page","status-publish","hentry"],"aioseo_notices":[],"_links":{"self":[{"href":"https:\/\/www.visitmoclinejo.es\/index.php?rest_route=\/wp\/v2\/pages\/238","targetHints":{"allow":["GET"]}}],"collection":[{"href":"https:\/\/www.visitmoclinejo.es\/index.php?rest_route=\/wp\/v2\/pages"}],"about":[{"href":"https:\/\/www.visitmoclinejo.es\/index.php?rest_route=\/wp\/v2\/types\/page"}],"author":[{"embeddable":true,"href":"https:\/\/www.visitmoclinejo.es\/index.php?rest_route=\/wp\/v2\/users\/2"}],"replies":[{"embeddable":true,"href":"https:\/\/www.visitmoclinejo.es\/index.php?rest_route=%2Fwp%2Fv2%2Fcomments&post=238"}],"version-history":[{"count":14,"href":"https:\/\/www.visitmoclinejo.es\/index.php?rest_route=\/wp\/v2\/pages\/238\/revisions"}],"predecessor-version":[{"id":683,"href":"https:\/\/www.visitmoclinejo.es\/index.php?rest_route=\/wp\/v2\/pages\/238\/revisions\/683"}],"wp:attachment":[{"href":"https:\/\/www.visitmoclinejo.es\/index.php?rest_route=%2Fwp%2Fv2%2Fmedia&parent=238"}],"curies":[{"name":"wp","href":"https:\/\/api.w.org\/{rel}","templated":true}]}}

Historia y tradición de Moclinejo

<div data-elementor-type="wp-page" data-elementor-id="238" class="elementor elementor-238">
				<div class="elementor-element elementor-element-7bf8ff5 e-con-full e-flex e-con e-parent" data-id="7bf8ff5" data-element_type="container" data-settings="{&quot;background_background&quot;:&quot;classic&quot;}">
				<div class="elementor-element elementor-element-efab784 elementor-widget__width-inherit elementor-absolute elementor-widget elementor-widget-heading" data-id="efab784" data-element_type="widget" data-settings="{&quot;_position&quot;:&quot;absolute&quot;}" data-widget_type="heading.default">
				<div class="elementor-widget-container">
					<p class="elementor-heading-title elementor-size-default">HISTORIA Y TRADICIÓN</p>				</div>
				</div>
				</div>
		<div class="elementor-element elementor-element-d476961 e-flex e-con-boxed e-con e-parent" data-id="d476961" data-element_type="container">
					<div class="e-con-inner">
				<div class="elementor-element elementor-element-fcd36f8 elementor-widget elementor-widget-heading" data-id="fcd36f8" data-element_type="widget" data-widget_type="heading.default">
				<div class="elementor-widget-container">
					<h1 class="elementor-heading-title elementor-size-default">Historia y tradición de Moclinejo</h1>				</div>
				</div>
				<div class="elementor-element elementor-element-0b323a4 elementor-widget elementor-widget-text-editor" data-id="0b323a4" data-element_type="widget" data-widget_type="text-editor.default">
				<div class="elementor-widget-container">
									<p>Moclinejo, un encantador municipio español situado en la comarca de la Axarquía, en la provincia de Málaga, Andalucía, es un destino que cautiva a sus visitantes con su rica historia, su impresionante patrimonio y su enclave privilegiado con vistas 360º a toda la costa y el interior de la Axarquía.</p><p>Hoy en día, Moclinejo es conocido por ser <strong>la puerta de la Ruta de la Pasa y de la Ruta del Vino</strong>, haciendo honor a su pasado como un lugar de encrucijada de caminos. Además, celebra su tradicional fiesta de Viñeros el segundo domingo de septiembre, en la que rinde homenaje a la vid y al vino moscatel que tanto caracteriza la Comarca de la Axarquía y que ha sido durante décadas el motor económico principal del pueblo. </p><p>En el corazón de la Axarquía, en el precioso pueblo blanco de Moclinejo, se celebra anualmente un certamen de Verdiales, una de las expresiones culturales más arraigadas en la provincia de Málaga. Este evento es una oportunidad única para sumergirse en la rica cultura malagueña y que también es de especial relevancia para el resto de pedanías que componen Moclinejo: El Valdés, Los Palmas, El Villar, Los Patrones, Los Narcisos, Río Granadillas&#8230;</p><p>El origen de Moclinejo se remonta a la época musulmana, dejando su huella en el diseño urbano de sus calles. Este pueblo mágico, cuyo nombre posiblemente deriva de Moclín, que significa “lugar de distrito”, ha sido conocido a lo largo de la historia con diferentes denominaciones. Antonio de Nebrija, por ejemplo, lo llamó Moclinetum en su libro “Décadas dúas”.</p><p>Uno de los eventos históricos más significativos ocurrió en 1483, cuando las tropas cristianas del adelantado de Antequera, Pedro Enríquez, decidieron realizar una incursión en la Comarca de la Axarquía Malagueña. Esta región era famosa por sus riquezas en seda y otros frutos, lo que suponía un atractivo botín para las tropas castellanas que finalmente sufrieron una gran derrota frente a los musulmanes en tierras de Moclinejo. Este evento es conocido como la “Cuesta de la Matanza” y resultó en una gran derrota para las tropas cristianas y es uno de los hitos más importantes en la historia de Moclinejo.</p><p>Visitar Moclinejo es sumergirse en una historia fascinante, es descubrir la esencia de un pueblo que ha sabido conservar sus tradiciones y su patrimonio a lo largo de los siglos.</p><p>¡Te esperamos en Moclinejo!</p>								</div>
				</div>
					</div>
				</div>
		<div class="elementor-element elementor-element-9056975 e-flex e-con-boxed e-con e-parent" data-id="9056975" data-element_type="container">
					<div class="e-con-inner">
				<div class="elementor-element elementor-element-5eacf2f elementor-widget elementor-widget-image" data-id="5eacf2f" data-element_type="widget" data-widget_type="image.default">
				<div class="elementor-widget-container">
															<img fetchpriority="high" decoding="async" width="1024" height="682" src="https://www.visitmoclinejo.es/wp-content/uploads/2024/05/Arco-Moclinejo-1024x682.jpg" class="attachment-large size-large wp-image-495" alt="Vista aérea al amanecer del arco de entrada a Moclinejo y el pueblo de fondo" srcset="https://www.visitmoclinejo.es/wp-content/uploads/2024/05/Arco-Moclinejo-1024x682.jpg 1024w, https://www.visitmoclinejo.es/wp-content/uploads/2024/05/Arco-Moclinejo-300x200.jpg 300w, https://www.visitmoclinejo.es/wp-content/uploads/2024/05/Arco-Moclinejo-768x512.jpg 768w, https://www.visitmoclinejo.es/wp-content/uploads/2024/05/Arco-Moclinejo-1536x1024.jpg 1536w, https://www.visitmoclinejo.es/wp-content/uploads/2024/05/Arco-Moclinejo.jpg 1613w" sizes="(max-width: 1024px) 100vw, 1024px" />															</div>
				</div>
					</div>
				</div>
				</div>

<p>HISTORIA Y TRADICIÓN Historia y tradición de Moclinejo Moclinejo, un encantador municipio español situado en la comarca de la Axarquía, [&hellip;]</p>
