{"id":256,"date":"2024-03-27T20:13:16","date_gmt":"2024-03-27T19:13:16","guid":{"rendered":"https:\/\/visitmoclinejo.es\/?page_id=256"},"modified":"2024-05-08T18:16:21","modified_gmt":"2024-05-08T16:16:21","slug":"fiesta-de-vineros","status":"publish","type":"page","link":"https:\/\/www.visitmoclinejo.es\/?page_id=256","title":{"rendered":"Fiesta de Vi\u00f1eros"},"content":{"rendered":"\t\t<div data-elementor-type=\"wp-page\" data-elementor-id=\"256\" class=\"elementor elementor-256\">\n\t\t\t\t<div class=\"elementor-element elementor-element-a698b7d e-con-full e-flex e-con e-parent\" data-id=\"a698b7d\" data-element_type=\"container\" data-settings=\"{&quot;background_background&quot;:&quot;classic&quot;}\">\n\t\t\t\t<div class=\"elementor-element elementor-element-292737e elementor-widget__width-inherit elementor-absolute elementor-widget elementor-widget-heading\" data-id=\"292737e\" data-element_type=\"widget\" data-settings=\"{&quot;_position&quot;:&quot;absolute&quot;}\" data-widget_type=\"heading.default\">\n\t\t\t\t<div class=\"elementor-widget-container\">\n\t\t\t\t\t<p class=\"elementor-heading-title elementor-size-default\">FIESTA DE VI\u00d1EROS<\/p>\t\t\t\t<\/div>\n\t\t\t\t<\/div>\n\t\t\t\t<\/div>\n\t\t<div class=\"elementor-element elementor-element-5fc2496 e-flex e-con-boxed e-con e-parent\" data-id=\"5fc2496\" data-element_type=\"container\">\n\t\t\t\t\t<div class=\"e-con-inner\">\n\t\t\t\t<div class=\"elementor-element elementor-element-4ef7ca5 elementor-widget elementor-widget-heading\" data-id=\"4ef7ca5\" data-element_type=\"widget\" data-widget_type=\"heading.default\">\n\t\t\t\t<div class=\"elementor-widget-container\">\n\t\t\t\t\t<h1 class=\"elementor-heading-title elementor-size-default\">La Fiesta de Vi\u00f1eros de Moclinejo<\/h1>\t\t\t\t<\/div>\n\t\t\t\t<\/div>\n\t\t\t\t<div class=\"elementor-element elementor-element-5ebc029 elementor-widget elementor-widget-text-editor\" data-id=\"5ebc029\" data-element_type=\"widget\" data-widget_type=\"text-editor.default\">\n\t\t\t\t<div class=\"elementor-widget-container\">\n\t\t\t\t\t\t\t\t\t<p>Cada a\u00f1o, al finalizar la vendimia, Moclinejo celebra la Fiesta de Vi\u00f1eros el segundo domingo de septiembre, un evento que marca el culmen de la temporada de la vendimia y rinde homenaje a las familias que trabajan incansablemente en los vi\u00f1edos, desde la recogida, hasta la pic\u00e1 de las pasas.<\/p><p>La Fiesta de Vi\u00f1eros es mucho m\u00e1s que una celebraci\u00f3n del fin de la vendimia. Es un reconocimiento al esfuerzo, la dedicaci\u00f3n y el amor que las familias de Moclinejo ponen en el cuidado de los vi\u00f1edos y la producci\u00f3n de vinos y pasas de alta calidad.<\/p><p>Durante la fiesta, las calles de Moclinejo se llenan de m\u00fasica y toca la panda de verdiales de Moclinejo. Los visitantes pueden disfrutar de degustaciones de vinos locales, aprender sobre el proceso de vinificaci\u00f3n y participar en diversas actividades que celebran la tradici\u00f3n vin\u00edcola del pueblo.<\/p><p>Pero lo m\u00e1s destacado de la Fiesta de Vi\u00f1eros es sin duda el <strong>homenaje a las familias de vendimiadores.<\/strong> Estas familias, que han dedicado generaciones al cultivo de la uva moscatel, son el coraz\u00f3n y el alma de la tradici\u00f3n vin\u00edcola de Moclinejo. Durante la fiesta, se les rinde un merecido tributo y se celebra su contribuci\u00f3n a la identidad y la econom\u00eda del pueblo haciendo una singular procesi\u00f3n desde la plaza del pueblo, con un cesto de uvas en la cabeza, hasta un lagar donde se escenifica la pisada de la uva.<\/p><p>As\u00ed que si est\u00e1s planeando una visita a Moclinejo, no te pierdas la Fiesta de Vi\u00f1eros. Es una experiencia \u00fanica que te permitir\u00e1 sumergirte en la cultura y la tradici\u00f3n de Moclinejo, y celebrar junto a sus habitantes el fin de la vendimia y el inicio de una nueva temporada de vinos y pasas.<\/p>\t\t\t\t\t\t\t\t<\/div>\n\t\t\t\t<\/div>\n\t\t\t\t\t<\/div>\n\t\t\t\t<\/div>\n\t\t<div class=\"elementor-element elementor-element-b2df2aa e-flex e-con-boxed e-con e-parent\" data-id=\"b2df2aa\" data-element_type=\"container\">\n\t\t\t\t\t<div class=\"e-con-inner\">\n\t\t\t\t<div class=\"elementor-element elementor-element-5a36988 gallery-spacing-custom elementor-widget elementor-widget-image-gallery\" data-id=\"5a36988\" data-element_type=\"widget\" data-widget_type=\"image-gallery.default\">\n\t\t\t\t<div class=\"elementor-widget-container\">\n\t\t\t\t\t\t\t<div class=\"elementor-image-gallery\">\n\t\t\t<div id='gallery-1' class='gallery galleryid-256 gallery-columns-3 gallery-size-medium_large'><figure class='gallery-item'>\n\t\t\t<div class='gallery-icon portrait'>\n\t\t\t\t<a data-elementor-open-lightbox=\"yes\" data-elementor-lightbox-slideshow=\"5a36988\" data-elementor-lightbox-title=\"Procesi\u00f3n con uvas en Vi\u00f1eros\" data-e-action-hash=\"#elementor-action%3Aaction%3Dlightbox%26settings%3DeyJpZCI6NTQzLCJ1cmwiOiJodHRwczpcL1wvd3d3LnZpc2l0bW9jbGluZWpvLmVzXC93cC1jb250ZW50XC91cGxvYWRzXC8yMDI0XC8wNVwvZmllc3RhLXZpbmVyb3MtMy5qcGciLCJzbGlkZXNob3ciOiI1YTM2OTg4In0%3D\" href='https:\/\/www.visitmoclinejo.es\/wp-content\/uploads\/2024\/05\/fiesta-vineros-3.jpg'><img fetchpriority=\"high\" decoding=\"async\" width=\"768\" height=\"1152\" src=\"https:\/\/www.visitmoclinejo.es\/wp-content\/uploads\/2024\/05\/fiesta-vineros-3-768x1152.jpg\" class=\"attachment-medium_large size-medium_large\" alt=\"Un ni\u00f1o y varios adultos llevando una cesta con uvas en la procesi\u00f3n de la Fiesta de Vi\u00f1eros de Moclinejo\" srcset=\"https:\/\/www.visitmoclinejo.es\/wp-content\/uploads\/2024\/05\/fiesta-vineros-3-768x1152.jpg 768w, https:\/\/www.visitmoclinejo.es\/wp-content\/uploads\/2024\/05\/fiesta-vineros-3-200x300.jpg 200w, https:\/\/www.visitmoclinejo.es\/wp-content\/uploads\/2024\/05\/fiesta-vineros-3-682x1024.jpg 682w, https:\/\/www.visitmoclinejo.es\/wp-content\/uploads\/2024\/05\/fiesta-vineros-3-1024x1536.jpg 1024w, https:\/\/www.visitmoclinejo.es\/wp-content\/uploads\/2024\/05\/fiesta-vineros-3.jpg 1333w\" sizes=\"(max-width: 768px) 100vw, 768px\" \/><\/a>\n\t\t\t<\/div><\/figure><figure class='gallery-item'>\n\t\t\t<div class='gallery-icon portrait'>\n\t\t\t\t<a data-elementor-open-lightbox=\"yes\" data-elementor-lightbox-slideshow=\"5a36988\" data-elementor-lightbox-title=\"Pisada de la uva en Vi\u00f1eros\" data-e-action-hash=\"#elementor-action%3Aaction%3Dlightbox%26settings%3DeyJpZCI6NTQ5LCJ1cmwiOiJodHRwczpcL1wvd3d3LnZpc2l0bW9jbGluZWpvLmVzXC93cC1jb250ZW50XC91cGxvYWRzXC8yMDI0XC8wNVwvZmllc3RhLXZpbmVyb3MtOS5qcGciLCJzbGlkZXNob3ciOiI1YTM2OTg4In0%3D\" href='https:\/\/www.visitmoclinejo.es\/wp-content\/uploads\/2024\/05\/fiesta-vineros-9.jpg'><img decoding=\"async\" width=\"768\" height=\"1152\" data-src=\"https:\/\/www.visitmoclinejo.es\/wp-content\/uploads\/2024\/05\/fiesta-vineros-9-768x1152.jpg\" class=\"attachment-medium_large size-medium_large lazyload\" alt=\"Varias personas pisando uvas en un lagar para la producci\u00f3n de vino en la Fiesta de Vi\u00f1eros de Moclinejo\" data-srcset=\"https:\/\/www.visitmoclinejo.es\/wp-content\/uploads\/2024\/05\/fiesta-vineros-9-768x1152.jpg 768w, https:\/\/www.visitmoclinejo.es\/wp-content\/uploads\/2024\/05\/fiesta-vineros-9-200x300.jpg 200w, https:\/\/www.visitmoclinejo.es\/wp-content\/uploads\/2024\/05\/fiesta-vineros-9-682x1024.jpg 682w, https:\/\/www.visitmoclinejo.es\/wp-content\/uploads\/2024\/05\/fiesta-vineros-9-1024x1536.jpg 1024w, https:\/\/www.visitmoclinejo.es\/wp-content\/uploads\/2024\/05\/fiesta-vineros-9.jpg 1333w\" data-sizes=\"(max-width: 768px) 100vw, 768px\" src=\"data:image\/gif;base64,R0lGODlhAQABAAAAACH5BAEKAAEALAAAAAABAAEAAAICTAEAOw==\" style=\"--smush-placeholder-width: 768px; --smush-placeholder-aspect-ratio: 768\/1152;\" \/><\/a>\n\t\t\t<\/div><\/figure><figure class='gallery-item'>\n\t\t\t<div class='gallery-icon portrait'>\n\t\t\t\t<a data-elementor-open-lightbox=\"yes\" data-elementor-lightbox-slideshow=\"5a36988\" data-elementor-lightbox-title=\"Procesi\u00f3n con uvas en Vi\u00f1eros\" data-e-action-hash=\"#elementor-action%3Aaction%3Dlightbox%26settings%3DeyJpZCI6NTQ2LCJ1cmwiOiJodHRwczpcL1wvd3d3LnZpc2l0bW9jbGluZWpvLmVzXC93cC1jb250ZW50XC91cGxvYWRzXC8yMDI0XC8wNVwvZmllc3RhLXZpbmVyb3MtNi5qcGciLCJzbGlkZXNob3ciOiI1YTM2OTg4In0%3D\" href='https:\/\/www.visitmoclinejo.es\/wp-content\/uploads\/2024\/05\/fiesta-vineros-6.jpg'><img decoding=\"async\" width=\"768\" height=\"1152\" data-src=\"https:\/\/www.visitmoclinejo.es\/wp-content\/uploads\/2024\/05\/fiesta-vineros-6-768x1152.jpg\" class=\"attachment-medium_large size-medium_large lazyload\" alt=\"Un ni\u00f1o y varios adultos llevando una cesta con uvas en la procesi\u00f3n de la Fiesta de Vi\u00f1eros de Moclinejo\" data-srcset=\"https:\/\/www.visitmoclinejo.es\/wp-content\/uploads\/2024\/05\/fiesta-vineros-6-768x1152.jpg 768w, https:\/\/www.visitmoclinejo.es\/wp-content\/uploads\/2024\/05\/fiesta-vineros-6-200x300.jpg 200w, https:\/\/www.visitmoclinejo.es\/wp-content\/uploads\/2024\/05\/fiesta-vineros-6-682x1024.jpg 682w, https:\/\/www.visitmoclinejo.es\/wp-content\/uploads\/2024\/05\/fiesta-vineros-6-1024x1536.jpg 1024w, https:\/\/www.visitmoclinejo.es\/wp-content\/uploads\/2024\/05\/fiesta-vineros-6.jpg 1333w\" data-sizes=\"(max-width: 768px) 100vw, 768px\" src=\"data:image\/gif;base64,R0lGODlhAQABAAAAACH5BAEKAAEALAAAAAABAAEAAAICTAEAOw==\" style=\"--smush-placeholder-width: 768px; --smush-placeholder-aspect-ratio: 768\/1152;\" \/><\/a>\n\t\t\t<\/div><\/figure><figure class='gallery-item'>\n\t\t\t<div class='gallery-icon portrait'>\n\t\t\t\t<a data-elementor-open-lightbox=\"yes\" data-elementor-lightbox-slideshow=\"5a36988\" data-elementor-lightbox-title=\"Tendido de la uva en Vi\u00f1eros\" data-e-action-hash=\"#elementor-action%3Aaction%3Dlightbox%26settings%3DeyJpZCI6NTQyLCJ1cmwiOiJodHRwczpcL1wvd3d3LnZpc2l0bW9jbGluZWpvLmVzXC93cC1jb250ZW50XC91cGxvYWRzXC8yMDI0XC8wNVwvZmllc3RhLXZpbmVyb3MtMi5qcGciLCJzbGlkZXNob3ciOiI1YTM2OTg4In0%3D\" href='https:\/\/www.visitmoclinejo.es\/wp-content\/uploads\/2024\/05\/fiesta-vineros-2.jpg'><img decoding=\"async\" width=\"768\" height=\"1152\" data-src=\"https:\/\/www.visitmoclinejo.es\/wp-content\/uploads\/2024\/05\/fiesta-vineros-2-768x1152.jpg\" class=\"attachment-medium_large size-medium_large lazyload\" alt=\"Una mujer con un sombrero tendiendo las uvas en un pasero en la Fiesta de Vi\u00f1eros de Moclinejo\" data-srcset=\"https:\/\/www.visitmoclinejo.es\/wp-content\/uploads\/2024\/05\/fiesta-vineros-2-768x1152.jpg 768w, https:\/\/www.visitmoclinejo.es\/wp-content\/uploads\/2024\/05\/fiesta-vineros-2-200x300.jpg 200w, https:\/\/www.visitmoclinejo.es\/wp-content\/uploads\/2024\/05\/fiesta-vineros-2-682x1024.jpg 682w, https:\/\/www.visitmoclinejo.es\/wp-content\/uploads\/2024\/05\/fiesta-vineros-2-1024x1536.jpg 1024w, https:\/\/www.visitmoclinejo.es\/wp-content\/uploads\/2024\/05\/fiesta-vineros-2.jpg 1333w\" data-sizes=\"(max-width: 768px) 100vw, 768px\" src=\"data:image\/gif;base64,R0lGODlhAQABAAAAACH5BAEKAAEALAAAAAABAAEAAAICTAEAOw==\" style=\"--smush-placeholder-width: 768px; --smush-placeholder-aspect-ratio: 768\/1152;\" \/><\/a>\n\t\t\t<\/div><\/figure><figure class='gallery-item'>\n\t\t\t<div class='gallery-icon portrait'>\n\t\t\t\t<a data-elementor-open-lightbox=\"yes\" data-elementor-lightbox-slideshow=\"5a36988\" data-elementor-lightbox-title=\"Criba de la pasa en Vi\u00f1eros\" data-e-action-hash=\"#elementor-action%3Aaction%3Dlightbox%26settings%3DeyJpZCI6NTQxLCJ1cmwiOiJodHRwczpcL1wvd3d3LnZpc2l0bW9jbGluZWpvLmVzXC93cC1jb250ZW50XC91cGxvYWRzXC8yMDI0XC8wNVwvZmllc3RhLXZpbmVyb3MtMS5qcGciLCJzbGlkZXNob3ciOiI1YTM2OTg4In0%3D\" href='https:\/\/www.visitmoclinejo.es\/wp-content\/uploads\/2024\/05\/fiesta-vineros-1.jpg'><img decoding=\"async\" width=\"768\" height=\"1152\" data-src=\"https:\/\/www.visitmoclinejo.es\/wp-content\/uploads\/2024\/05\/fiesta-vineros-1-768x1152.jpg\" class=\"attachment-medium_large size-medium_large lazyload\" alt=\"Hombre vestido de forma tradicional sentado cribando pasas durante la Fiesta de Vi\u00f1eros\" data-srcset=\"https:\/\/www.visitmoclinejo.es\/wp-content\/uploads\/2024\/05\/fiesta-vineros-1-768x1152.jpg 768w, https:\/\/www.visitmoclinejo.es\/wp-content\/uploads\/2024\/05\/fiesta-vineros-1-200x300.jpg 200w, https:\/\/www.visitmoclinejo.es\/wp-content\/uploads\/2024\/05\/fiesta-vineros-1-682x1024.jpg 682w, https:\/\/www.visitmoclinejo.es\/wp-content\/uploads\/2024\/05\/fiesta-vineros-1-1024x1536.jpg 1024w, https:\/\/www.visitmoclinejo.es\/wp-content\/uploads\/2024\/05\/fiesta-vineros-1.jpg 1333w\" data-sizes=\"(max-width: 768px) 100vw, 768px\" src=\"data:image\/gif;base64,R0lGODlhAQABAAAAACH5BAEKAAEALAAAAAABAAEAAAICTAEAOw==\" style=\"--smush-placeholder-width: 768px; --smush-placeholder-aspect-ratio: 768\/1152;\" \/><\/a>\n\t\t\t<\/div><\/figure><figure class='gallery-item'>\n\t\t\t<div class='gallery-icon portrait'>\n\t\t\t\t<a data-elementor-open-lightbox=\"yes\" data-elementor-lightbox-slideshow=\"5a36988\" data-elementor-lightbox-title=\"Pic\u00e1 de la pasa en Vi\u00f1eros\" data-e-action-hash=\"#elementor-action%3Aaction%3Dlightbox%26settings%3DeyJpZCI6NTQ0LCJ1cmwiOiJodHRwczpcL1wvd3d3LnZpc2l0bW9jbGluZWpvLmVzXC93cC1jb250ZW50XC91cGxvYWRzXC8yMDI0XC8wNVwvZmllc3RhLXZpbmVyb3MtNC5qcGciLCJzbGlkZXNob3ciOiI1YTM2OTg4In0%3D\" href='https:\/\/www.visitmoclinejo.es\/wp-content\/uploads\/2024\/05\/fiesta-vineros-4.jpg'><img decoding=\"async\" width=\"768\" height=\"1152\" data-src=\"https:\/\/www.visitmoclinejo.es\/wp-content\/uploads\/2024\/05\/fiesta-vineros-4-768x1152.jpg\" class=\"attachment-medium_large size-medium_large lazyload\" alt=\"Tres mujeres sentadas en la puerta de una casa picando pasas en la Fiesta de Vi\u00f1eros de Moclinejo\" data-srcset=\"https:\/\/www.visitmoclinejo.es\/wp-content\/uploads\/2024\/05\/fiesta-vineros-4-768x1152.jpg 768w, https:\/\/www.visitmoclinejo.es\/wp-content\/uploads\/2024\/05\/fiesta-vineros-4-200x300.jpg 200w, https:\/\/www.visitmoclinejo.es\/wp-content\/uploads\/2024\/05\/fiesta-vineros-4-682x1024.jpg 682w, https:\/\/www.visitmoclinejo.es\/wp-content\/uploads\/2024\/05\/fiesta-vineros-4-1024x1536.jpg 1024w, https:\/\/www.visitmoclinejo.es\/wp-content\/uploads\/2024\/05\/fiesta-vineros-4.jpg 1333w\" data-sizes=\"(max-width: 768px) 100vw, 768px\" src=\"data:image\/gif;base64,R0lGODlhAQABAAAAACH5BAEKAAEALAAAAAABAAEAAAICTAEAOw==\" style=\"--smush-placeholder-width: 768px; --smush-placeholder-aspect-ratio: 768\/1152;\" \/><\/a>\n\t\t\t<\/div><\/figure><figure class='gallery-item'>\n\t\t\t<div class='gallery-icon portrait'>\n\t\t\t\t<a data-elementor-open-lightbox=\"yes\" data-elementor-lightbox-slideshow=\"5a36988\" data-elementor-lightbox-title=\"Venenciador en Vi\u00f1eros\" data-e-action-hash=\"#elementor-action%3Aaction%3Dlightbox%26settings%3DeyJpZCI6NTQ1LCJ1cmwiOiJodHRwczpcL1wvd3d3LnZpc2l0bW9jbGluZWpvLmVzXC93cC1jb250ZW50XC91cGxvYWRzXC8yMDI0XC8wNVwvZmllc3RhLXZpbmVyb3MtNS5qcGciLCJzbGlkZXNob3ciOiI1YTM2OTg4In0%3D\" href='https:\/\/www.visitmoclinejo.es\/wp-content\/uploads\/2024\/05\/fiesta-vineros-5.jpg'><img decoding=\"async\" width=\"768\" height=\"1152\" data-src=\"https:\/\/www.visitmoclinejo.es\/wp-content\/uploads\/2024\/05\/fiesta-vineros-5-768x1152.jpg\" class=\"attachment-medium_large size-medium_large lazyload\" alt=\"La mano de un venenciador trasegando vino blanco de Moclinejo en la Fiesta de Vi\u00f1eros\" data-srcset=\"https:\/\/www.visitmoclinejo.es\/wp-content\/uploads\/2024\/05\/fiesta-vineros-5-768x1152.jpg 768w, https:\/\/www.visitmoclinejo.es\/wp-content\/uploads\/2024\/05\/fiesta-vineros-5-200x300.jpg 200w, https:\/\/www.visitmoclinejo.es\/wp-content\/uploads\/2024\/05\/fiesta-vineros-5-682x1024.jpg 682w, https:\/\/www.visitmoclinejo.es\/wp-content\/uploads\/2024\/05\/fiesta-vineros-5-1024x1536.jpg 1024w, https:\/\/www.visitmoclinejo.es\/wp-content\/uploads\/2024\/05\/fiesta-vineros-5.jpg 1333w\" data-sizes=\"(max-width: 768px) 100vw, 768px\" src=\"data:image\/gif;base64,R0lGODlhAQABAAAAACH5BAEKAAEALAAAAAABAAEAAAICTAEAOw==\" style=\"--smush-placeholder-width: 768px; --smush-placeholder-aspect-ratio: 768\/1152;\" \/><\/a>\n\t\t\t<\/div><\/figure><figure class='gallery-item'>\n\t\t\t<div class='gallery-icon portrait'>\n\t\t\t\t<a data-elementor-open-lightbox=\"yes\" data-elementor-lightbox-slideshow=\"5a36988\" data-elementor-lightbox-title=\"Puesto de productos en Vi\u00f1eros\" data-e-action-hash=\"#elementor-action%3Aaction%3Dlightbox%26settings%3DeyJpZCI6NTQ3LCJ1cmwiOiJodHRwczpcL1wvd3d3LnZpc2l0bW9jbGluZWpvLmVzXC93cC1jb250ZW50XC91cGxvYWRzXC8yMDI0XC8wNVwvZmllc3RhLXZpbmVyb3MtNy5qcGciLCJzbGlkZXNob3ciOiI1YTM2OTg4In0%3D\" href='https:\/\/www.visitmoclinejo.es\/wp-content\/uploads\/2024\/05\/fiesta-vineros-7.jpg'><img decoding=\"async\" width=\"768\" height=\"1152\" data-src=\"https:\/\/www.visitmoclinejo.es\/wp-content\/uploads\/2024\/05\/fiesta-vineros-7-768x1152.jpg\" class=\"attachment-medium_large size-medium_large lazyload\" alt=\"Un puesto de productos locales con mangos y un hombre comprando en el segundo plano en la Fiesta de Vi\u00f1eros de Moclinejo\" data-srcset=\"https:\/\/www.visitmoclinejo.es\/wp-content\/uploads\/2024\/05\/fiesta-vineros-7-768x1152.jpg 768w, https:\/\/www.visitmoclinejo.es\/wp-content\/uploads\/2024\/05\/fiesta-vineros-7-200x300.jpg 200w, https:\/\/www.visitmoclinejo.es\/wp-content\/uploads\/2024\/05\/fiesta-vineros-7-682x1024.jpg 682w, https:\/\/www.visitmoclinejo.es\/wp-content\/uploads\/2024\/05\/fiesta-vineros-7-1024x1536.jpg 1024w, https:\/\/www.visitmoclinejo.es\/wp-content\/uploads\/2024\/05\/fiesta-vineros-7.jpg 1333w\" data-sizes=\"(max-width: 768px) 100vw, 768px\" src=\"data:image\/gif;base64,R0lGODlhAQABAAAAACH5BAEKAAEALAAAAAABAAEAAAICTAEAOw==\" style=\"--smush-placeholder-width: 768px; --smush-placeholder-aspect-ratio: 768\/1152;\" \/><\/a>\n\t\t\t<\/div><\/figure><figure class='gallery-item'>\n\t\t\t<div class='gallery-icon portrait'>\n\t\t\t\t<a data-elementor-open-lightbox=\"yes\" data-elementor-lightbox-slideshow=\"5a36988\" data-elementor-lightbox-title=\"Puesto de productos en Vi\u00f1eros\" data-e-action-hash=\"#elementor-action%3Aaction%3Dlightbox%26settings%3DeyJpZCI6NTQ4LCJ1cmwiOiJodHRwczpcL1wvd3d3LnZpc2l0bW9jbGluZWpvLmVzXC93cC1jb250ZW50XC91cGxvYWRzXC8yMDI0XC8wNVwvZmllc3RhLXZpbmVyb3MtOC5qcGciLCJzbGlkZXNob3ciOiI1YTM2OTg4In0%3D\" href='https:\/\/www.visitmoclinejo.es\/wp-content\/uploads\/2024\/05\/fiesta-vineros-8.jpg'><img decoding=\"async\" width=\"768\" height=\"1152\" data-src=\"https:\/\/www.visitmoclinejo.es\/wp-content\/uploads\/2024\/05\/fiesta-vineros-8-768x1152.jpg\" class=\"attachment-medium_large size-medium_large lazyload\" alt=\"Productos locales como pasas, higos secos y miel en un puestecillo en la Fiesta de Vi\u00f1eros de Moclinejo\" data-srcset=\"https:\/\/www.visitmoclinejo.es\/wp-content\/uploads\/2024\/05\/fiesta-vineros-8-768x1152.jpg 768w, https:\/\/www.visitmoclinejo.es\/wp-content\/uploads\/2024\/05\/fiesta-vineros-8-200x300.jpg 200w, https:\/\/www.visitmoclinejo.es\/wp-content\/uploads\/2024\/05\/fiesta-vineros-8-682x1024.jpg 682w, https:\/\/www.visitmoclinejo.es\/wp-content\/uploads\/2024\/05\/fiesta-vineros-8-1024x1536.jpg 1024w, https:\/\/www.visitmoclinejo.es\/wp-content\/uploads\/2024\/05\/fiesta-vineros-8.jpg 1333w\" data-sizes=\"(max-width: 768px) 100vw, 768px\" src=\"data:image\/gif;base64,R0lGODlhAQABAAAAACH5BAEKAAEALAAAAAABAAEAAAICTAEAOw==\" style=\"--smush-placeholder-width: 768px; --smush-placeholder-aspect-ratio: 768\/1152;\" \/><\/a>\n\t\t\t<\/div><\/figure>\n\t\t<\/div>\n\t\t<\/div>\n\t\t\t\t\t\t<\/div>\n\t\t\t\t<\/div>\n\t\t\t\t\t<\/div>\n\t\t\t\t<\/div>\n\t\t\t\t<\/div>\n\t\t","protected":false},"excerpt":{"rendered":"<p>FIESTA DE VI\u00d1EROS La Fiesta de Vi\u00f1eros de Moclinejo Cada a\u00f1o, al finalizar la vendimia, Moclinejo celebra la Fiesta de [&hellip;]<\/p>\n","protected":false},"author":2,"featured_media":0,"parent":0,"menu_order":0,"comment_status":"closed","ping_status":"closed","template":"","meta":{"_monsterinsights_skip_tracking":false,"_monsterinsights_sitenote_active":false,"_monsterinsights_sitenote_note":"","_monsterinsights_sitenote_category":0,"site-sidebar-layout":"no-sidebar","site-content-layout":"","ast-site-content-layout":"full-width-container","site-content-style":"default","site-sidebar-style":"default","ast-global-header-display":"","ast-banner-title-visibility":"","ast-main-header-display":"","ast-hfb-above-header-display":"","ast-hfb-below-header-display":"","ast-hfb-mobile-header-display":"","site-post-title":"disabled","ast-breadcrumbs-content":"","ast-featured-img":"disabled","footer-sml-layout":"","theme-transparent-header-meta":"","adv-header-id-meta":"","stick-header-meta":"","header-above-stick-meta":"","header-main-stick-meta":"","header-below-stick-meta":"","astra-migrate-meta-layouts":"default","ast-page-background-enabled":"default","ast-page-background-meta":{"desktop":{"background-color":"var(--ast-global-color-4)","background-image":"","background-repeat":"repeat","background-position":"center center","background-size":"auto","background-attachment":"scroll","background-type":"","background-media":"","overlay-type":"","overlay-color":"","overlay-gradient":""},"tablet":{"background-color":"","background-image":"","background-repeat":"repeat","background-position":"center center","background-size":"auto","background-attachment":"scroll","background-type":"","background-media":"","overlay-type":"","overlay-color":"","overlay-gradient":""},"mobile":{"background-color":"","background-image":"","background-repeat":"repeat","background-position":"center center","background-size":"auto","background-attachment":"scroll","background-type":"","background-media":"","overlay-type":"","overlay-color":"","overlay-gradient":""}},"ast-content-background-meta":{"desktop":{"background-color":"var(--ast-global-color-5)","background-image":"","background-repeat":"repeat","background-position":"center center","background-size":"auto","background-attachment":"scroll","background-type":"","background-media":"","overlay-type":"","overlay-color":"","overlay-gradient":""},"tablet":{"background-color":"var(--ast-global-color-5)","background-image":"","background-repeat":"repeat","background-position":"center center","background-size":"auto","background-attachment":"scroll","background-type":"","background-media":"","overlay-type":"","overlay-color":"","overlay-gradient":""},"mobile":{"background-color":"var(--ast-global-color-5)","background-image":"","background-repeat":"repeat","background-position":"center center","background-size":"auto","background-attachment":"scroll","background-type":"","background-media":"","overlay-type":"","overlay-color":"","overlay-gradient":""}},"footnotes":""},"class_list":["post-256","page","type-page","status-publish","hentry"],"aioseo_notices":[],"_links":{"self":[{"href":"https:\/\/www.visitmoclinejo.es\/index.php?rest_route=\/wp\/v2\/pages\/256","targetHints":{"allow":["GET"]}}],"collection":[{"href":"https:\/\/www.visitmoclinejo.es\/index.php?rest_route=\/wp\/v2\/pages"}],"about":[{"href":"https:\/\/www.visitmoclinejo.es\/index.php?rest_route=\/wp\/v2\/types\/page"}],"author":[{"embeddable":true,"href":"https:\/\/www.visitmoclinejo.es\/index.php?rest_route=\/wp\/v2\/users\/2"}],"replies":[{"embeddable":true,"href":"https:\/\/www.visitmoclinejo.es\/index.php?rest_route=%2Fwp%2Fv2%2Fcomments&post=256"}],"version-history":[{"count":15,"href":"https:\/\/www.visitmoclinejo.es\/index.php?rest_route=\/wp\/v2\/pages\/256\/revisions"}],"predecessor-version":[{"id":657,"href":"https:\/\/www.visitmoclinejo.es\/index.php?rest_route=\/wp\/v2\/pages\/256\/revisions\/657"}],"wp:attachment":[{"href":"https:\/\/www.visitmoclinejo.es\/index.php?rest_route=%2Fwp%2Fv2%2Fmedia&parent=256"}],"curies":[{"name":"wp","href":"https:\/\/api.w.org\/{rel}","templated":true}]}}