{"id":289,"date":"2024-03-27T20:37:52","date_gmt":"2024-03-27T19:37:52","guid":{"rendered":"https:\/\/visitmoclinejo.es\/?page_id=289"},"modified":"2024-05-09T16:54:08","modified_gmt":"2024-05-09T14:54:08","slug":"bodega-de-moclinejo","status":"publish","type":"page","link":"https:\/\/www.visitmoclinejo.es\/?page_id=289","title":{"rendered":"Bodega de Moclinejo"},"content":{"rendered":"\t\t<div data-elementor-type=\"wp-page\" data-elementor-id=\"289\" class=\"elementor elementor-289\">\n\t\t\t\t<div class=\"elementor-element elementor-element-08090cf e-con-full e-flex e-con e-parent\" data-id=\"08090cf\" data-element_type=\"container\" data-settings=\"{&quot;background_background&quot;:&quot;classic&quot;}\">\n\t\t\t\t<div class=\"elementor-element elementor-element-abcf95c elementor-widget__width-inherit elementor-absolute elementor-widget elementor-widget-heading\" data-id=\"abcf95c\" data-element_type=\"widget\" data-settings=\"{&quot;_position&quot;:&quot;absolute&quot;}\" data-widget_type=\"heading.default\">\n\t\t\t\t<div class=\"elementor-widget-container\">\n\t\t\t\t\t<p class=\"elementor-heading-title elementor-size-default\">BODEGA<\/p>\t\t\t\t<\/div>\n\t\t\t\t<\/div>\n\t\t\t\t<\/div>\n\t\t<div class=\"elementor-element elementor-element-25e48f1 e-flex e-con-boxed e-con e-parent\" data-id=\"25e48f1\" data-element_type=\"container\">\n\t\t\t\t\t<div class=\"e-con-inner\">\n\t\t\t\t<div class=\"elementor-element elementor-element-44c8bdf elementor-widget elementor-widget-heading\" data-id=\"44c8bdf\" data-element_type=\"widget\" data-widget_type=\"heading.default\">\n\t\t\t\t<div class=\"elementor-widget-container\">\n\t\t\t\t\t<h1 class=\"elementor-heading-title elementor-size-default\">Bodega Antonio Mu\u00f1oz Cabrera<\/h1>\t\t\t\t<\/div>\n\t\t\t\t<\/div>\n\t\t\t\t<div class=\"elementor-element elementor-element-2d1cfa9 elementor-widget elementor-widget-text-editor\" data-id=\"2d1cfa9\" data-element_type=\"widget\" data-widget_type=\"text-editor.default\">\n\t\t\t\t<div class=\"elementor-widget-container\">\n\t\t\t\t\t\t\t\t\t<p>La Bodega Antonio Mu\u00f1oz Cabrera, es un emblema de la tradici\u00f3n vin\u00edcola en el coraz\u00f3n de Moclinejo. Fundada en 1927 por Juan Mu\u00f1oz Navarrete, esta bodega familiar ha sido un pilar en la comunidad, dedic\u00e1ndose a la viticultura y a la elaboraci\u00f3n de vinos.<\/p>\n<p><strong>Historia y museo<br><\/strong>La bodega posee una belleza singular, cuidan hasta el m\u00e1s m\u00ednimo detalle, algo que podemos apreciar adentr\u00e1ndonos en las diferentes salas que forman la bodega. La disposici\u00f3n de los barriles en el espacio, la iluminaci\u00f3n c\u00e1lida y envolvente con l\u00e1mparas artesan\u00e1les hechas con cepas de vid&#8230; <br>La bodega Antonio Mu\u00f1oz Cabrera se encuentra ubicada en el centro del pueblo de Moclinejo. Alberga un museo que permite a los visitantes descubrir c\u00f3mo ha evolucionado la forma de elaborar vino en la Axarqu\u00eda desde 1927 hasta la actualidad. El museo exhibe maquinaria e instrumentos que se utilizaban en el pasado, algunos de ellos con m\u00e1s de 200 a\u00f1os de antig\u00fcedad.<\/p>\n<p><strong>Vinos premiados<\/strong><br>Actualmente, la Bodega Antonio Mu\u00f1oz Cabrera produce una gran variedad de vinos, muchos de los cuales han sido reconocidos con importantes premios. Sus vinos est\u00e1n amparados por la Denominaci\u00f3n de Origen M\u00e1laga para los vinos de licor y la Denominaci\u00f3n de Origen Sierras de M\u00e1laga para los vinos tranquilos.<\/p>\n<p><strong>Importancia para el Pueblo<br><\/strong>La bodega juega un papel crucial en la vida de Moclinejo. No solo contribuye a la econom\u00eda local, sino que tambi\u00e9n mantiene viva la tradici\u00f3n vin\u00edcola de la regi\u00f3n. Adem\u00e1s, la bodega realiza actividades de enoturismo, que incluyen visitas a la bodega, a los vi\u00f1edos y a los paseros, catas de vinos y diferentes eventos relacionados con la enolog\u00eda.<\/p>\n<p><strong>C\u00f3mo visitar la bodega<\/strong><br>Para visitar la Bodega Antonio Mu\u00f1oz Cabrera, se recomienda contactar directamente con la bodega para organizar la visita. Todas las visitas se organizan a la carta, adaptadas a las necesidades del visitante o del grupo, con un m\u00e1ximo de 10 personas por visita.<\/p>\n<p>En resumen, la Bodega Antonio Mu\u00f1oz Cabrera es un destino imprescindible para los amantes del vino y aquellos interesados en la rica historia y cultura vin\u00edcola de Moclinejo.<\/p>\n<p>\u00a1No pierdas la oportunidad de visitarla!<\/p>\t\t\t\t\t\t\t\t<\/div>\n\t\t\t\t<\/div>\n\t\t\t\t\t<\/div>\n\t\t\t\t<\/div>\n\t\t<div class=\"elementor-element elementor-element-a3e70f4 e-flex e-con-boxed e-con e-parent\" data-id=\"a3e70f4\" data-element_type=\"container\">\n\t\t\t\t\t<div class=\"e-con-inner\">\n\t\t\t\t<div class=\"elementor-element elementor-element-e638688 gallery-spacing-custom elementor-widget elementor-widget-image-gallery\" data-id=\"e638688\" data-element_type=\"widget\" data-widget_type=\"image-gallery.default\">\n\t\t\t\t<div class=\"elementor-widget-container\">\n\t\t\t\t\t\t\t<div class=\"elementor-image-gallery\">\n\t\t\t<div id='gallery-1' class='gallery galleryid-289 gallery-columns-2 gallery-size-medium_large'><figure class='gallery-item'>\n\t\t\t<div class='gallery-icon landscape'>\n\t\t\t\t<a data-elementor-open-lightbox=\"yes\" data-elementor-lightbox-slideshow=\"e638688\" data-elementor-lightbox-title=\"Bodega Antonio Mu\u00f1oz Cabrera\" data-e-action-hash=\"#elementor-action%3Aaction%3Dlightbox%26settings%3DeyJpZCI6NTIyLCJ1cmwiOiJodHRwczpcL1wvd3d3LnZpc2l0bW9jbGluZWpvLmVzXC93cC1jb250ZW50XC91cGxvYWRzXC8yMDI0XC8wNVwvYm9kZWdhLWFudG9uaW8tbXVub3otY2FicmVyYS0xLmpwZyIsInNsaWRlc2hvdyI6ImU2Mzg2ODgifQ%3D%3D\" href='https:\/\/www.visitmoclinejo.es\/wp-content\/uploads\/2024\/05\/bodega-antonio-munoz-cabrera-1.jpg'><img fetchpriority=\"high\" decoding=\"async\" width=\"768\" height=\"512\" src=\"https:\/\/www.visitmoclinejo.es\/wp-content\/uploads\/2024\/05\/bodega-antonio-munoz-cabrera-1-768x512.jpg\" class=\"attachment-medium_large size-medium_large\" alt=\"Interior de la Bodega Antonio Mu\u00f1oz Cabrera, con barriles de vino antiguos, paredes de piedra y una l\u00e1mpara con luz c\u00e1lida\" srcset=\"https:\/\/www.visitmoclinejo.es\/wp-content\/uploads\/2024\/05\/bodega-antonio-munoz-cabrera-1-768x512.jpg 768w, https:\/\/www.visitmoclinejo.es\/wp-content\/uploads\/2024\/05\/bodega-antonio-munoz-cabrera-1-300x200.jpg 300w, https:\/\/www.visitmoclinejo.es\/wp-content\/uploads\/2024\/05\/bodega-antonio-munoz-cabrera-1-1024x682.jpg 1024w, https:\/\/www.visitmoclinejo.es\/wp-content\/uploads\/2024\/05\/bodega-antonio-munoz-cabrera-1-1536x1024.jpg 1536w, https:\/\/www.visitmoclinejo.es\/wp-content\/uploads\/2024\/05\/bodega-antonio-munoz-cabrera-1.jpg 2000w\" sizes=\"(max-width: 768px) 100vw, 768px\" \/><\/a>\n\t\t\t<\/div><\/figure><figure class='gallery-item'>\n\t\t\t<div class='gallery-icon landscape'>\n\t\t\t\t<a data-elementor-open-lightbox=\"yes\" data-elementor-lightbox-slideshow=\"e638688\" data-elementor-lightbox-title=\"Bodega Antonio Mu\u00f1oz Cabrera\" data-e-action-hash=\"#elementor-action%3Aaction%3Dlightbox%26settings%3DeyJpZCI6NTIzLCJ1cmwiOiJodHRwczpcL1wvd3d3LnZpc2l0bW9jbGluZWpvLmVzXC93cC1jb250ZW50XC91cGxvYWRzXC8yMDI0XC8wNVwvYm9kZWdhLWFudG9uaW8tbXVub3otY2FicmVyYS0yLmpwZyIsInNsaWRlc2hvdyI6ImU2Mzg2ODgifQ%3D%3D\" href='https:\/\/www.visitmoclinejo.es\/wp-content\/uploads\/2024\/05\/bodega-antonio-munoz-cabrera-2.jpg'><img decoding=\"async\" width=\"768\" height=\"512\" data-src=\"https:\/\/www.visitmoclinejo.es\/wp-content\/uploads\/2024\/05\/bodega-antonio-munoz-cabrera-2-768x512.jpg\" class=\"attachment-medium_large size-medium_large lazyload\" alt=\"Interior de la Bodega Antonio Mu\u00f1oz Cabrera, con barriles de vino antiguos, paredes de piedra y una l\u00e1mpara con luz c\u00e1lida\" data-srcset=\"https:\/\/www.visitmoclinejo.es\/wp-content\/uploads\/2024\/05\/bodega-antonio-munoz-cabrera-2-768x512.jpg 768w, https:\/\/www.visitmoclinejo.es\/wp-content\/uploads\/2024\/05\/bodega-antonio-munoz-cabrera-2-300x200.jpg 300w, https:\/\/www.visitmoclinejo.es\/wp-content\/uploads\/2024\/05\/bodega-antonio-munoz-cabrera-2-1024x682.jpg 1024w, https:\/\/www.visitmoclinejo.es\/wp-content\/uploads\/2024\/05\/bodega-antonio-munoz-cabrera-2-1536x1024.jpg 1536w, https:\/\/www.visitmoclinejo.es\/wp-content\/uploads\/2024\/05\/bodega-antonio-munoz-cabrera-2.jpg 2000w\" data-sizes=\"(max-width: 768px) 100vw, 768px\" src=\"data:image\/gif;base64,R0lGODlhAQABAAAAACH5BAEKAAEALAAAAAABAAEAAAICTAEAOw==\" style=\"--smush-placeholder-width: 768px; --smush-placeholder-aspect-ratio: 768\/512;\" \/><\/a>\n\t\t\t<\/div><\/figure>\n\t\t<\/div>\n\t\t<\/div>\n\t\t\t\t\t\t<\/div>\n\t\t\t\t<\/div>\n\t\t\t\t\t<\/div>\n\t\t\t\t<\/div>\n\t\t\t\t<\/div>\n\t\t","protected":false},"excerpt":{"rendered":"<p>BODEGA Bodega Antonio Mu\u00f1oz Cabrera La Bodega Antonio Mu\u00f1oz Cabrera, es un emblema de la tradici\u00f3n vin\u00edcola en el coraz\u00f3n [&hellip;]<\/p>\n","protected":false},"author":2,"featured_media":0,"parent":0,"menu_order":0,"comment_status":"closed","ping_status":"closed","template":"","meta":{"_monsterinsights_skip_tracking":false,"_monsterinsights_sitenote_active":false,"_monsterinsights_sitenote_note":"","_monsterinsights_sitenote_category":0,"site-sidebar-layout":"no-sidebar","site-content-layout":"","ast-site-content-layout":"full-width-container","site-content-style":"default","site-sidebar-style":"default","ast-global-header-display":"","ast-banner-title-visibility":"","ast-main-header-display":"","ast-hfb-above-header-display":"","ast-hfb-below-header-display":"","ast-hfb-mobile-header-display":"","site-post-title":"disabled","ast-breadcrumbs-content":"","ast-featured-img":"disabled","footer-sml-layout":"","theme-transparent-header-meta":"","adv-header-id-meta":"","stick-header-meta":"","header-above-stick-meta":"","header-main-stick-meta":"","header-below-stick-meta":"","astra-migrate-meta-layouts":"default","ast-page-background-enabled":"default","ast-page-background-meta":{"desktop":{"background-color":"var(--ast-global-color-4)","background-image":"","background-repeat":"repeat","background-position":"center center","background-size":"auto","background-attachment":"scroll","background-type":"","background-media":"","overlay-type":"","overlay-color":"","overlay-gradient":""},"tablet":{"background-color":"","background-image":"","background-repeat":"repeat","background-position":"center center","background-size":"auto","background-attachment":"scroll","background-type":"","background-media":"","overlay-type":"","overlay-color":"","overlay-gradient":""},"mobile":{"background-color":"","background-image":"","background-repeat":"repeat","background-position":"center center","background-size":"auto","background-attachment":"scroll","background-type":"","background-media":"","overlay-type":"","overlay-color":"","overlay-gradient":""}},"ast-content-background-meta":{"desktop":{"background-color":"var(--ast-global-color-5)","background-image":"","background-repeat":"repeat","background-position":"center center","background-size":"auto","background-attachment":"scroll","background-type":"","background-media":"","overlay-type":"","overlay-color":"","overlay-gradient":""},"tablet":{"background-color":"var(--ast-global-color-5)","background-image":"","background-repeat":"repeat","background-position":"center center","background-size":"auto","background-attachment":"scroll","background-type":"","background-media":"","overlay-type":"","overlay-color":"","overlay-gradient":""},"mobile":{"background-color":"var(--ast-global-color-5)","background-image":"","background-repeat":"repeat","background-position":"center center","background-size":"auto","background-attachment":"scroll","background-type":"","background-media":"","overlay-type":"","overlay-color":"","overlay-gradient":""}},"footnotes":""},"class_list":["post-289","page","type-page","status-publish","hentry"],"aioseo_notices":[],"_links":{"self":[{"href":"https:\/\/www.visitmoclinejo.es\/index.php?rest_route=\/wp\/v2\/pages\/289","targetHints":{"allow":["GET"]}}],"collection":[{"href":"https:\/\/www.visitmoclinejo.es\/index.php?rest_route=\/wp\/v2\/pages"}],"about":[{"href":"https:\/\/www.visitmoclinejo.es\/index.php?rest_route=\/wp\/v2\/types\/page"}],"author":[{"embeddable":true,"href":"https:\/\/www.visitmoclinejo.es\/index.php?rest_route=\/wp\/v2\/users\/2"}],"replies":[{"embeddable":true,"href":"https:\/\/www.visitmoclinejo.es\/index.php?rest_route=%2Fwp%2Fv2%2Fcomments&post=289"}],"version-history":[{"count":13,"href":"https:\/\/www.visitmoclinejo.es\/index.php?rest_route=\/wp\/v2\/pages\/289\/revisions"}],"predecessor-version":[{"id":587,"href":"https:\/\/www.visitmoclinejo.es\/index.php?rest_route=\/wp\/v2\/pages\/289\/revisions\/587"}],"wp:attachment":[{"href":"https:\/\/www.visitmoclinejo.es\/index.php?rest_route=%2Fwp%2Fv2%2Fmedia&parent=289"}],"curies":[{"name":"wp","href":"https:\/\/api.w.org\/{rel}","templated":true}]}}