{"id":295,"date":"2024-03-27T20:39:05","date_gmt":"2024-03-27T19:39:05","guid":{"rendered":"https:\/\/visitmoclinejo.es\/?page_id=295"},"modified":"2024-05-08T18:13:35","modified_gmt":"2024-05-08T16:13:35","slug":"senderismo-en-moclinejo","status":"publish","type":"page","link":"https:\/\/www.visitmoclinejo.es\/?page_id=295","title":{"rendered":"Senderismo en Moclinejo"},"content":{"rendered":"\t\t<div data-elementor-type=\"wp-page\" data-elementor-id=\"295\" class=\"elementor elementor-295\">\n\t\t\t\t<div class=\"elementor-element elementor-element-8d02bd0 e-con-full e-flex e-con e-parent\" data-id=\"8d02bd0\" data-element_type=\"container\" data-settings=\"{&quot;background_background&quot;:&quot;classic&quot;}\">\n\t\t\t\t<div class=\"elementor-element elementor-element-6fefd96 elementor-widget__width-inherit elementor-absolute elementor-widget elementor-widget-heading\" data-id=\"6fefd96\" data-element_type=\"widget\" data-settings=\"{&quot;_position&quot;:&quot;absolute&quot;}\" data-widget_type=\"heading.default\">\n\t\t\t\t<div class=\"elementor-widget-container\">\n\t\t\t\t\t<p class=\"elementor-heading-title elementor-size-default\">RUTAS DE SENDERISMO<\/p>\t\t\t\t<\/div>\n\t\t\t\t<\/div>\n\t\t\t\t<\/div>\n\t\t<div class=\"elementor-element elementor-element-e5d7afd e-flex e-con-boxed e-con e-parent\" data-id=\"e5d7afd\" data-element_type=\"container\">\n\t\t\t\t\t<div class=\"e-con-inner\">\n\t\t\t\t<div class=\"elementor-element elementor-element-2db1db1 elementor-widget elementor-widget-heading\" data-id=\"2db1db1\" data-element_type=\"widget\" data-widget_type=\"heading.default\">\n\t\t\t\t<div class=\"elementor-widget-container\">\n\t\t\t\t\t<h1 class=\"elementor-heading-title elementor-size-default\">Rutas de senderismo en Moclinejo<\/h1>\t\t\t\t<\/div>\n\t\t\t\t<\/div>\n\t\t\t\t<div class=\"elementor-element elementor-element-7ac52d6 elementor-widget elementor-widget-text-editor\" data-id=\"7ac52d6\" data-element_type=\"widget\" data-widget_type=\"text-editor.default\">\n\t\t\t\t<div class=\"elementor-widget-container\">\n\t\t\t\t\t\t\t\t\t<p>Moclinejo, es un destino ideal para realizar rutas de senderismo en la Axarqu\u00eda.<br \/>Por su ubicaci\u00f3n privilegiada, Moclinejo tiene vistas 360\u00ba a toda la Axarqu\u00eda, tanto a la costa como al interior, adem\u00e1s de vistas a la Bah\u00eda de M\u00e1laga. En nuestro municipio hay rutas m\u00e1s exigentes debido a los desniveles que se salvan, y otras muy sencillas y llanas que van por encima de las lomas de los montes que rodean nuestro municipio y que son rutas de senderismo ideales para realizar con ni\u00f1os.<\/p><p><strong>La riqueza paisaj\u00edstica<\/strong> de las rutas de senderismo de Moclinejo es insuperable, cuenta con vistas a La Maroma, la monta\u00f1a m\u00e1s alta de la provincia de M\u00e1laga y al lucero, un pico de gran belleza de la Costa del Sol Oriental. Tambi\u00e9n se ven las monta\u00f1as de Alfarnate, conocidas como los Pirineos del Sur. Se pueden divisar m\u00e1s de 13 pueblos, la costa e incluso \u00c1frica y el estrecho de Gibraltar durante los d\u00edas claros.\u00a0<\/p><p>Adem\u00e1s, en Moclinejo, tenemos el privilegio de tener rutas que nos acercan a la tradici\u00f3n vin\u00edcola, paseando entre vi\u00f1edos y antiguos lagares. Contamos con una flora excepcional t\u00edpica del paisaje mediterr\u00e1neo como esparragueras salvajes, alcaparras, olivos, almendros, vi\u00f1as, encinas centenarias y fauna, siendo Moclinejo h\u00e1bitat de camaleones, cern\u00edcalos, abubillas, chotacabras&#8230;<\/p><p><strong>Ruta 1:<\/strong> Moclinejo &#8211; Camino Serrana &#8211; Sandoval &#8211; Vald\u00e9s.<\/p><p><strong>Ruta 2:<\/strong> Camino Moclinejo &#8211; Valdes (asfalto).<\/p><p><strong>Ruta 3:<\/strong> Moclinejo &#8211; Cela Alto &#8211; Frontillas.<\/p><p><strong>Ruta 4:<\/strong> Monte Faco &#8211; El Vald\u00e9s<\/p><p><strong>Ruta 5:<\/strong> Moclinejo &#8211; Lagar de Cela Bajo.<\/p><p><strong>Ruta 6:<\/strong> Moclinejo &#8211; Piedras Blancas &#8211; El Chorrillo.<\/p>\t\t\t\t\t\t\t\t<\/div>\n\t\t\t\t<\/div>\n\t\t\t\t\t<\/div>\n\t\t\t\t<\/div>\n\t\t<div class=\"elementor-element elementor-element-b7d9bbd e-flex e-con-boxed e-con e-parent\" data-id=\"b7d9bbd\" data-element_type=\"container\">\n\t\t\t\t\t<div class=\"e-con-inner\">\n\t\t\t\t<div class=\"elementor-element elementor-element-b05cb1b gallery-spacing-custom elementor-widget elementor-widget-image-gallery\" data-id=\"b05cb1b\" data-element_type=\"widget\" data-widget_type=\"image-gallery.default\">\n\t\t\t\t<div class=\"elementor-widget-container\">\n\t\t\t\t\t\t\t<div class=\"elementor-image-gallery\">\n\t\t\t<div id='gallery-1' class='gallery galleryid-295 gallery-columns-3 gallery-size-medium_large'><figure class='gallery-item'>\n\t\t\t<div class='gallery-icon landscape'>\n\t\t\t\t<a data-elementor-open-lightbox=\"yes\" data-elementor-lightbox-slideshow=\"b05cb1b\" data-elementor-lightbox-title=\"Ruta con vistas a Moclinejo\" data-e-action-hash=\"#elementor-action%3Aaction%3Dlightbox%26settings%3DeyJpZCI6NTM2LCJ1cmwiOiJodHRwczpcL1wvd3d3LnZpc2l0bW9jbGluZWpvLmVzXC93cC1jb250ZW50XC91cGxvYWRzXC8yMDI0XC8wNVwvc2VuZGVyaXNtby1tb2NsaW5lam8tNy5qcGciLCJzbGlkZXNob3ciOiJiMDVjYjFiIn0%3D\" href='https:\/\/www.visitmoclinejo.es\/wp-content\/uploads\/2024\/05\/senderismo-moclinejo-7.jpg'><img fetchpriority=\"high\" decoding=\"async\" width=\"768\" height=\"512\" src=\"https:\/\/www.visitmoclinejo.es\/wp-content\/uploads\/2024\/05\/senderismo-moclinejo-7-768x512.jpg\" class=\"attachment-medium_large size-medium_large\" alt=\"Vista de Moclinejo al amanecer desde una ruta de senderismo\" srcset=\"https:\/\/www.visitmoclinejo.es\/wp-content\/uploads\/2024\/05\/senderismo-moclinejo-7-768x512.jpg 768w, https:\/\/www.visitmoclinejo.es\/wp-content\/uploads\/2024\/05\/senderismo-moclinejo-7-300x200.jpg 300w, https:\/\/www.visitmoclinejo.es\/wp-content\/uploads\/2024\/05\/senderismo-moclinejo-7-1024x682.jpg 1024w, https:\/\/www.visitmoclinejo.es\/wp-content\/uploads\/2024\/05\/senderismo-moclinejo-7-1536x1023.jpg 1536w, https:\/\/www.visitmoclinejo.es\/wp-content\/uploads\/2024\/05\/senderismo-moclinejo-7.jpg 1984w\" sizes=\"(max-width: 768px) 100vw, 768px\" \/><\/a>\n\t\t\t<\/div><\/figure><figure class='gallery-item'>\n\t\t\t<div class='gallery-icon landscape'>\n\t\t\t\t<a data-elementor-open-lightbox=\"yes\" data-elementor-lightbox-slideshow=\"b05cb1b\" data-elementor-lightbox-title=\"Ruta con vistas a Moclinejo\" data-e-action-hash=\"#elementor-action%3Aaction%3Dlightbox%26settings%3DeyJpZCI6NTMyLCJ1cmwiOiJodHRwczpcL1wvd3d3LnZpc2l0bW9jbGluZWpvLmVzXC93cC1jb250ZW50XC91cGxvYWRzXC8yMDI0XC8wNVwvc2VuZGVyaXNtby1tb2NsaW5lam8tNC5qcGciLCJzbGlkZXNob3ciOiJiMDVjYjFiIn0%3D\" href='https:\/\/www.visitmoclinejo.es\/wp-content\/uploads\/2024\/05\/senderismo-moclinejo-4.jpg'><img decoding=\"async\" width=\"768\" height=\"512\" data-src=\"https:\/\/www.visitmoclinejo.es\/wp-content\/uploads\/2024\/05\/senderismo-moclinejo-4-768x512.jpg\" class=\"attachment-medium_large size-medium_large lazyload\" alt=\"Hombre senderista mirando hacia Moclinejo desde una ruta de senderismo al atardecer\" data-srcset=\"https:\/\/www.visitmoclinejo.es\/wp-content\/uploads\/2024\/05\/senderismo-moclinejo-4-768x512.jpg 768w, https:\/\/www.visitmoclinejo.es\/wp-content\/uploads\/2024\/05\/senderismo-moclinejo-4-300x200.jpg 300w, https:\/\/www.visitmoclinejo.es\/wp-content\/uploads\/2024\/05\/senderismo-moclinejo-4-1024x682.jpg 1024w, https:\/\/www.visitmoclinejo.es\/wp-content\/uploads\/2024\/05\/senderismo-moclinejo-4-1536x1024.jpg 1536w, https:\/\/www.visitmoclinejo.es\/wp-content\/uploads\/2024\/05\/senderismo-moclinejo-4.jpg 2000w\" data-sizes=\"(max-width: 768px) 100vw, 768px\" src=\"data:image\/gif;base64,R0lGODlhAQABAAAAACH5BAEKAAEALAAAAAABAAEAAAICTAEAOw==\" style=\"--smush-placeholder-width: 768px; --smush-placeholder-aspect-ratio: 768\/512;\" \/><\/a>\n\t\t\t<\/div><\/figure><figure class='gallery-item'>\n\t\t\t<div class='gallery-icon landscape'>\n\t\t\t\t<a data-elementor-open-lightbox=\"yes\" data-elementor-lightbox-slideshow=\"b05cb1b\" data-elementor-lightbox-title=\"Ruta senderismo entre vi\u00f1edos\" data-e-action-hash=\"#elementor-action%3Aaction%3Dlightbox%26settings%3DeyJpZCI6NTI5LCJ1cmwiOiJodHRwczpcL1wvd3d3LnZpc2l0bW9jbGluZWpvLmVzXC93cC1jb250ZW50XC91cGxvYWRzXC8yMDI0XC8wNVwvc2VuZGVyaXNtby1tb2NsaW5lam8tMS5qcGciLCJzbGlkZXNob3ciOiJiMDVjYjFiIn0%3D\" href='https:\/\/www.visitmoclinejo.es\/wp-content\/uploads\/2024\/05\/senderismo-moclinejo-1.jpg'><img decoding=\"async\" width=\"768\" height=\"512\" data-src=\"https:\/\/www.visitmoclinejo.es\/wp-content\/uploads\/2024\/05\/senderismo-moclinejo-1-768x512.jpg\" class=\"attachment-medium_large size-medium_large lazyload\" alt=\"Hombre senderista caminando entre vi\u00f1edos al amanecer en una ruta de senderismo de Moclinejo\" data-srcset=\"https:\/\/www.visitmoclinejo.es\/wp-content\/uploads\/2024\/05\/senderismo-moclinejo-1-768x512.jpg 768w, https:\/\/www.visitmoclinejo.es\/wp-content\/uploads\/2024\/05\/senderismo-moclinejo-1-300x200.jpg 300w, https:\/\/www.visitmoclinejo.es\/wp-content\/uploads\/2024\/05\/senderismo-moclinejo-1-1024x682.jpg 1024w, https:\/\/www.visitmoclinejo.es\/wp-content\/uploads\/2024\/05\/senderismo-moclinejo-1-1536x1024.jpg 1536w, https:\/\/www.visitmoclinejo.es\/wp-content\/uploads\/2024\/05\/senderismo-moclinejo-1.jpg 2000w\" data-sizes=\"(max-width: 768px) 100vw, 768px\" src=\"data:image\/gif;base64,R0lGODlhAQABAAAAACH5BAEKAAEALAAAAAABAAEAAAICTAEAOw==\" style=\"--smush-placeholder-width: 768px; --smush-placeholder-aspect-ratio: 768\/512;\" \/><\/a>\n\t\t\t<\/div><\/figure><figure class='gallery-item'>\n\t\t\t<div class='gallery-icon landscape'>\n\t\t\t\t<a data-elementor-open-lightbox=\"yes\" data-elementor-lightbox-slideshow=\"b05cb1b\" data-elementor-lightbox-title=\"Ruta con vistas a Moclinejo\" data-e-action-hash=\"#elementor-action%3Aaction%3Dlightbox%26settings%3DeyJpZCI6NTM0LCJ1cmwiOiJodHRwczpcL1wvd3d3LnZpc2l0bW9jbGluZWpvLmVzXC93cC1jb250ZW50XC91cGxvYWRzXC8yMDI0XC8wNVwvc2VuZGVyaXNtby1tb2NsaW5lam8tNi5qcGciLCJzbGlkZXNob3ciOiJiMDVjYjFiIn0%3D\" href='https:\/\/www.visitmoclinejo.es\/wp-content\/uploads\/2024\/05\/senderismo-moclinejo-6.jpg'><img decoding=\"async\" width=\"768\" height=\"512\" data-src=\"https:\/\/www.visitmoclinejo.es\/wp-content\/uploads\/2024\/05\/senderismo-moclinejo-6-768x512.jpg\" class=\"attachment-medium_large size-medium_large lazyload\" alt=\"Mujer senderista mirando hacia Moclinejo en una ruta de senderismo\" data-srcset=\"https:\/\/www.visitmoclinejo.es\/wp-content\/uploads\/2024\/05\/senderismo-moclinejo-6-768x512.jpg 768w, https:\/\/www.visitmoclinejo.es\/wp-content\/uploads\/2024\/05\/senderismo-moclinejo-6-300x200.jpg 300w, https:\/\/www.visitmoclinejo.es\/wp-content\/uploads\/2024\/05\/senderismo-moclinejo-6-1024x683.jpg 1024w, https:\/\/www.visitmoclinejo.es\/wp-content\/uploads\/2024\/05\/senderismo-moclinejo-6-1536x1024.jpg 1536w, https:\/\/www.visitmoclinejo.es\/wp-content\/uploads\/2024\/05\/senderismo-moclinejo-6.jpg 1984w\" data-sizes=\"(max-width: 768px) 100vw, 768px\" src=\"data:image\/gif;base64,R0lGODlhAQABAAAAACH5BAEKAAEALAAAAAABAAEAAAICTAEAOw==\" style=\"--smush-placeholder-width: 768px; --smush-placeholder-aspect-ratio: 768\/512;\" \/><\/a>\n\t\t\t<\/div><\/figure><figure class='gallery-item'>\n\t\t\t<div class='gallery-icon landscape'>\n\t\t\t\t<a data-elementor-open-lightbox=\"yes\" data-elementor-lightbox-slideshow=\"b05cb1b\" data-elementor-lightbox-title=\"Ruta con vistas al Lucero\" data-e-action-hash=\"#elementor-action%3Aaction%3Dlightbox%26settings%3DeyJpZCI6NTMwLCJ1cmwiOiJodHRwczpcL1wvd3d3LnZpc2l0bW9jbGluZWpvLmVzXC93cC1jb250ZW50XC91cGxvYWRzXC8yMDI0XC8wNVwvc2VuZGVyaXNtby1tb2NsaW5lam8tMi5qcGciLCJzbGlkZXNob3ciOiJiMDVjYjFiIn0%3D\" href='https:\/\/www.visitmoclinejo.es\/wp-content\/uploads\/2024\/05\/senderismo-moclinejo-2.jpg'><img decoding=\"async\" width=\"768\" height=\"512\" data-src=\"https:\/\/www.visitmoclinejo.es\/wp-content\/uploads\/2024\/05\/senderismo-moclinejo-2-768x512.jpg\" class=\"attachment-medium_large size-medium_large lazyload\" alt=\"Hombre senderista mirando hacia El pico Lucero desde una ruta de senderismo en Moclinejo\" data-srcset=\"https:\/\/www.visitmoclinejo.es\/wp-content\/uploads\/2024\/05\/senderismo-moclinejo-2-768x512.jpg 768w, https:\/\/www.visitmoclinejo.es\/wp-content\/uploads\/2024\/05\/senderismo-moclinejo-2-300x200.jpg 300w, https:\/\/www.visitmoclinejo.es\/wp-content\/uploads\/2024\/05\/senderismo-moclinejo-2-1024x682.jpg 1024w, https:\/\/www.visitmoclinejo.es\/wp-content\/uploads\/2024\/05\/senderismo-moclinejo-2-1536x1024.jpg 1536w, https:\/\/www.visitmoclinejo.es\/wp-content\/uploads\/2024\/05\/senderismo-moclinejo-2.jpg 2000w\" data-sizes=\"(max-width: 768px) 100vw, 768px\" src=\"data:image\/gif;base64,R0lGODlhAQABAAAAACH5BAEKAAEALAAAAAABAAEAAAICTAEAOw==\" style=\"--smush-placeholder-width: 768px; --smush-placeholder-aspect-ratio: 768\/512;\" \/><\/a>\n\t\t\t<\/div><\/figure><figure class='gallery-item'>\n\t\t\t<div class='gallery-icon landscape'>\n\t\t\t\t<a data-elementor-open-lightbox=\"yes\" data-elementor-lightbox-slideshow=\"b05cb1b\" data-elementor-lightbox-title=\"Ruta con vistas a Moclinejo y La Maroma\" data-e-action-hash=\"#elementor-action%3Aaction%3Dlightbox%26settings%3DeyJpZCI6NTMzLCJ1cmwiOiJodHRwczpcL1wvd3d3LnZpc2l0bW9jbGluZWpvLmVzXC93cC1jb250ZW50XC91cGxvYWRzXC8yMDI0XC8wNVwvc2VuZGVyaXNtby1tb2NsaW5lam8tNS5qcGciLCJzbGlkZXNob3ciOiJiMDVjYjFiIn0%3D\" href='https:\/\/www.visitmoclinejo.es\/wp-content\/uploads\/2024\/05\/senderismo-moclinejo-5.jpg'><img decoding=\"async\" width=\"768\" height=\"512\" data-src=\"https:\/\/www.visitmoclinejo.es\/wp-content\/uploads\/2024\/05\/senderismo-moclinejo-5-768x512.jpg\" class=\"attachment-medium_large size-medium_large lazyload\" alt=\"Mujer haciendo senderismo en una ruta con Moclinejo y la Maroma de fondo\" data-srcset=\"https:\/\/www.visitmoclinejo.es\/wp-content\/uploads\/2024\/05\/senderismo-moclinejo-5-768x512.jpg 768w, https:\/\/www.visitmoclinejo.es\/wp-content\/uploads\/2024\/05\/senderismo-moclinejo-5-300x200.jpg 300w, https:\/\/www.visitmoclinejo.es\/wp-content\/uploads\/2024\/05\/senderismo-moclinejo-5-1024x682.jpg 1024w, https:\/\/www.visitmoclinejo.es\/wp-content\/uploads\/2024\/05\/senderismo-moclinejo-5-1536x1023.jpg 1536w, https:\/\/www.visitmoclinejo.es\/wp-content\/uploads\/2024\/05\/senderismo-moclinejo-5.jpg 1612w\" data-sizes=\"(max-width: 768px) 100vw, 768px\" src=\"data:image\/gif;base64,R0lGODlhAQABAAAAACH5BAEKAAEALAAAAAABAAEAAAICTAEAOw==\" style=\"--smush-placeholder-width: 768px; --smush-placeholder-aspect-ratio: 768\/512;\" \/><\/a>\n\t\t\t<\/div><\/figure><figure class='gallery-item'>\n\t\t\t<div class='gallery-icon landscape'>\n\t\t\t\t<a data-elementor-open-lightbox=\"yes\" data-elementor-lightbox-slideshow=\"b05cb1b\" data-elementor-lightbox-title=\"Ruta con vistas a Moclinejo\" data-e-action-hash=\"#elementor-action%3Aaction%3Dlightbox%26settings%3DeyJpZCI6NTMxLCJ1cmwiOiJodHRwczpcL1wvd3d3LnZpc2l0bW9jbGluZWpvLmVzXC93cC1jb250ZW50XC91cGxvYWRzXC8yMDI0XC8wNVwvc2VuZGVyaXNtby1tb2NsaW5lam8tMy5qcGciLCJzbGlkZXNob3ciOiJiMDVjYjFiIn0%3D\" href='https:\/\/www.visitmoclinejo.es\/wp-content\/uploads\/2024\/05\/senderismo-moclinejo-3.jpg'><img decoding=\"async\" width=\"768\" height=\"512\" data-src=\"https:\/\/www.visitmoclinejo.es\/wp-content\/uploads\/2024\/05\/senderismo-moclinejo-3-768x512.jpg\" class=\"attachment-medium_large size-medium_large lazyload\" alt=\"Mujer senderista mirando hacia Moclinejo desde una ruta de senderismo al atardecer\" data-srcset=\"https:\/\/www.visitmoclinejo.es\/wp-content\/uploads\/2024\/05\/senderismo-moclinejo-3-768x512.jpg 768w, https:\/\/www.visitmoclinejo.es\/wp-content\/uploads\/2024\/05\/senderismo-moclinejo-3-300x200.jpg 300w, https:\/\/www.visitmoclinejo.es\/wp-content\/uploads\/2024\/05\/senderismo-moclinejo-3-1024x682.jpg 1024w, https:\/\/www.visitmoclinejo.es\/wp-content\/uploads\/2024\/05\/senderismo-moclinejo-3-1536x1024.jpg 1536w, https:\/\/www.visitmoclinejo.es\/wp-content\/uploads\/2024\/05\/senderismo-moclinejo-3.jpg 2000w\" data-sizes=\"(max-width: 768px) 100vw, 768px\" src=\"data:image\/gif;base64,R0lGODlhAQABAAAAACH5BAEKAAEALAAAAAABAAEAAAICTAEAOw==\" style=\"--smush-placeholder-width: 768px; --smush-placeholder-aspect-ratio: 768\/512;\" \/><\/a>\n\t\t\t<\/div><\/figure><figure class='gallery-item'>\n\t\t\t<div class='gallery-icon landscape'>\n\t\t\t\t<a data-elementor-open-lightbox=\"yes\" data-elementor-lightbox-slideshow=\"b05cb1b\" data-elementor-lightbox-title=\"Almendros en flor en Moclinejo\" data-e-action-hash=\"#elementor-action%3Aaction%3Dlightbox%26settings%3DeyJpZCI6NTI3LCJ1cmwiOiJodHRwczpcL1wvd3d3LnZpc2l0bW9jbGluZWpvLmVzXC93cC1jb250ZW50XC91cGxvYWRzXC8yMDI0XC8wNVwvc2VuZGVyaXNtby1tb2NsaW5lam8tOC5qcGciLCJzbGlkZXNob3ciOiJiMDVjYjFiIn0%3D\" href='https:\/\/www.visitmoclinejo.es\/wp-content\/uploads\/2024\/05\/senderismo-moclinejo-8.jpg'><img decoding=\"async\" width=\"768\" height=\"512\" data-src=\"https:\/\/www.visitmoclinejo.es\/wp-content\/uploads\/2024\/05\/senderismo-moclinejo-8-768x512.jpg\" class=\"attachment-medium_large size-medium_large lazyload\" alt=\"Almendros en flor con el pueblo de Moclinejo de fondo al atardecer\" data-srcset=\"https:\/\/www.visitmoclinejo.es\/wp-content\/uploads\/2024\/05\/senderismo-moclinejo-8-768x512.jpg 768w, https:\/\/www.visitmoclinejo.es\/wp-content\/uploads\/2024\/05\/senderismo-moclinejo-8-300x200.jpg 300w, https:\/\/www.visitmoclinejo.es\/wp-content\/uploads\/2024\/05\/senderismo-moclinejo-8-1024x683.jpg 1024w, https:\/\/www.visitmoclinejo.es\/wp-content\/uploads\/2024\/05\/senderismo-moclinejo-8-1536x1024.jpg 1536w, https:\/\/www.visitmoclinejo.es\/wp-content\/uploads\/2024\/05\/senderismo-moclinejo-8.jpg 1984w\" data-sizes=\"(max-width: 768px) 100vw, 768px\" src=\"data:image\/gif;base64,R0lGODlhAQABAAAAACH5BAEKAAEALAAAAAABAAEAAAICTAEAOw==\" style=\"--smush-placeholder-width: 768px; --smush-placeholder-aspect-ratio: 768\/512;\" \/><\/a>\n\t\t\t<\/div><\/figure><figure class='gallery-item'>\n\t\t\t<div class='gallery-icon landscape'>\n\t\t\t\t<a data-elementor-open-lightbox=\"yes\" data-elementor-lightbox-slideshow=\"b05cb1b\" data-elementor-lightbox-title=\"Vistas a El Vald\u00e9s\" data-e-action-hash=\"#elementor-action%3Aaction%3Dlightbox%26settings%3DeyJpZCI6NTI4LCJ1cmwiOiJodHRwczpcL1wvd3d3LnZpc2l0bW9jbGluZWpvLmVzXC93cC1jb250ZW50XC91cGxvYWRzXC8yMDI0XC8wNVwvc2VuZGVyaXNtby1tb2NsaW5lam8tOS5qcGciLCJzbGlkZXNob3ciOiJiMDVjYjFiIn0%3D\" href='https:\/\/www.visitmoclinejo.es\/wp-content\/uploads\/2024\/05\/senderismo-moclinejo-9.jpg'><img decoding=\"async\" width=\"768\" height=\"512\" data-src=\"https:\/\/www.visitmoclinejo.es\/wp-content\/uploads\/2024\/05\/senderismo-moclinejo-9-768x512.jpg\" class=\"attachment-medium_large size-medium_large lazyload\" alt=\"Vista a\u00e9rea de la pedan\u00eda de El Vald\u00e9s y sus alrededores al atardecer\" data-srcset=\"https:\/\/www.visitmoclinejo.es\/wp-content\/uploads\/2024\/05\/senderismo-moclinejo-9-768x512.jpg 768w, https:\/\/www.visitmoclinejo.es\/wp-content\/uploads\/2024\/05\/senderismo-moclinejo-9-300x200.jpg 300w, https:\/\/www.visitmoclinejo.es\/wp-content\/uploads\/2024\/05\/senderismo-moclinejo-9-1024x682.jpg 1024w, https:\/\/www.visitmoclinejo.es\/wp-content\/uploads\/2024\/05\/senderismo-moclinejo-9.jpg 1229w\" data-sizes=\"(max-width: 768px) 100vw, 768px\" src=\"data:image\/gif;base64,R0lGODlhAQABAAAAACH5BAEKAAEALAAAAAABAAEAAAICTAEAOw==\" style=\"--smush-placeholder-width: 768px; --smush-placeholder-aspect-ratio: 768\/512;\" \/><\/a>\n\t\t\t<\/div><\/figure>\n\t\t<\/div>\n\t\t<\/div>\n\t\t\t\t\t\t<\/div>\n\t\t\t\t<\/div>\n\t\t\t\t\t<\/div>\n\t\t\t\t<\/div>\n\t\t\t\t<\/div>\n\t\t","protected":false},"excerpt":{"rendered":"<p>RUTAS DE SENDERISMO Rutas de senderismo en Moclinejo Moclinejo, es un destino ideal para realizar rutas de senderismo en la [&hellip;]<\/p>\n","protected":false},"author":2,"featured_media":0,"parent":0,"menu_order":0,"comment_status":"closed","ping_status":"closed","template":"","meta":{"_monsterinsights_skip_tracking":false,"_monsterinsights_sitenote_active":false,"_monsterinsights_sitenote_note":"","_monsterinsights_sitenote_category":0,"site-sidebar-layout":"no-sidebar","site-content-layout":"","ast-site-content-layout":"full-width-container","site-content-style":"default","site-sidebar-style":"default","ast-global-header-display":"","ast-banner-title-visibility":"","ast-main-header-display":"","ast-hfb-above-header-display":"","ast-hfb-below-header-display":"","ast-hfb-mobile-header-display":"","site-post-title":"disabled","ast-breadcrumbs-content":"","ast-featured-img":"disabled","footer-sml-layout":"","theme-transparent-header-meta":"","adv-header-id-meta":"","stick-header-meta":"","header-above-stick-meta":"","header-main-stick-meta":"","header-below-stick-meta":"","astra-migrate-meta-layouts":"default","ast-page-background-enabled":"default","ast-page-background-meta":{"desktop":{"background-color":"var(--ast-global-color-4)","background-image":"","background-repeat":"repeat","background-position":"center center","background-size":"auto","background-attachment":"scroll","background-type":"","background-media":"","overlay-type":"","overlay-color":"","overlay-gradient":""},"tablet":{"background-color":"","background-image":"","background-repeat":"repeat","background-position":"center center","background-size":"auto","background-attachment":"scroll","background-type":"","background-media":"","overlay-type":"","overlay-color":"","overlay-gradient":""},"mobile":{"background-color":"","background-image":"","background-repeat":"repeat","background-position":"center center","background-size":"auto","background-attachment":"scroll","background-type":"","background-media":"","overlay-type":"","overlay-color":"","overlay-gradient":""}},"ast-content-background-meta":{"desktop":{"background-color":"var(--ast-global-color-5)","background-image":"","background-repeat":"repeat","background-position":"center center","background-size":"auto","background-attachment":"scroll","background-type":"","background-media":"","overlay-type":"","overlay-color":"","overlay-gradient":""},"tablet":{"background-color":"var(--ast-global-color-5)","background-image":"","background-repeat":"repeat","background-position":"center center","background-size":"auto","background-attachment":"scroll","background-type":"","background-media":"","overlay-type":"","overlay-color":"","overlay-gradient":""},"mobile":{"background-color":"var(--ast-global-color-5)","background-image":"","background-repeat":"repeat","background-position":"center center","background-size":"auto","background-attachment":"scroll","background-type":"","background-media":"","overlay-type":"","overlay-color":"","overlay-gradient":""}},"footnotes":""},"class_list":["post-295","page","type-page","status-publish","hentry"],"aioseo_notices":[],"_links":{"self":[{"href":"https:\/\/www.visitmoclinejo.es\/index.php?rest_route=\/wp\/v2\/pages\/295","targetHints":{"allow":["GET"]}}],"collection":[{"href":"https:\/\/www.visitmoclinejo.es\/index.php?rest_route=\/wp\/v2\/pages"}],"about":[{"href":"https:\/\/www.visitmoclinejo.es\/index.php?rest_route=\/wp\/v2\/types\/page"}],"author":[{"embeddable":true,"href":"https:\/\/www.visitmoclinejo.es\/index.php?rest_route=\/wp\/v2\/users\/2"}],"replies":[{"embeddable":true,"href":"https:\/\/www.visitmoclinejo.es\/index.php?rest_route=%2Fwp%2Fv2%2Fcomments&post=295"}],"version-history":[{"count":16,"href":"https:\/\/www.visitmoclinejo.es\/index.php?rest_route=\/wp\/v2\/pages\/295\/revisions"}],"predecessor-version":[{"id":645,"href":"https:\/\/www.visitmoclinejo.es\/index.php?rest_route=\/wp\/v2\/pages\/295\/revisions\/645"}],"wp:attachment":[{"href":"https:\/\/www.visitmoclinejo.es\/index.php?rest_route=%2Fwp%2Fv2%2Fmedia&parent=295"}],"curies":[{"name":"wp","href":"https:\/\/api.w.org\/{rel}","templated":true}]}}